 466 a composite number?
True
Is 787 composite?
False
Is 265214 composite?
True
Is 9923 a prime number?
True
Is 242591 a composite number?
False
Is 835043 a composite number?
True
Is 8363 composite?
False
Is 61667 a composite number?
False
Is 6729 prime?
False
Is 20037 a composite number?
True
Is 9181 a composite number?
False
Is 306121 a composite number?
False
Is 359057 a composite number?
True
Is 65951 a composite number?
False
Is 207491 prime?
True
Is 139003 composite?
True
Is 4791 composite?
True
Is 445087 prime?
True
Is 9059 a composite number?
False
Is 3417607 prime?
True
Is 9627 a composite number?
True
Is 39289 a composite number?
True
Is 13271 a composite number?
True
Is 1502 a composite number?
True
Is 95 a prime number?
False
Is 908041 composite?
False
Is 146485 composite?
True
Is 140597 a prime number?
False
Is 259327 a prime number?
False
Is 52477 a composite number?
True
Is 6445 composite?
True
Is 1229 composite?
False
Is 75331 a prime number?
False
Is 6443 a prime number?
False
Is 381343 a composite number?
False
Is 2419853 composite?
True
Is 7237 a prime number?
True
Is 15959 prime?
True
Is 99689 a prime number?
True
Is 587 composite?
False
Is 8767 composite?
True
Is 15527 prime?
True
Is 28319 a prime number?
True
Is 12227 prime?
True
Is 124897 a prime number?
True
Is 493 a composite number?
True
Is 8893 composite?
False
Is 2281 a composite number?
False
Is 408854 a composite number?
True
Is 1095209 prime?
True
Is 42533 composite?
False
Is 635 a composite number?
True
Is 2153 a composite number?
False
Is 72577 composite?
False
Is 50111 a prime number?
True
Is 163333 a composite number?
True
Is 70049 a composite number?
True
Is 494609 prime?
True
Is 2392919 a composite number?
False
Is 16931 composite?
False
Is 25442 a prime number?
False
Is 1643 a prime number?
False
Is 1245418 prime?
False
Is 197117 a prime number?
True
Is 100055 a prime number?
False
Is 3109 a prime number?
True
Is 102911 a prime number?
True
Is 557561 a prime number?
False
Is 29411 a composite number?
False
Is 554 composite?
True
Is 4045 prime?
False
Is 40987 a composite number?
True
Is 9517 prime?
False
Is 100154 a prime number?
False
Is 4127 prime?
True
Is 9809 prime?
False
Is 20021 prime?
True
Is 22229 composite?
False
Is 151565 composite?
True
Is 45829 composite?
True
Is 28009 a prime number?
False
Is 963563 composite?
True
Is 57119 a composite number?
False
Is 892349 a composite number?
True
Is 313163 a composite number?
False
Is 219113 composite?
True
Is 48007 a composite number?
True
Is 11733 a composite number?
True
Is 1807 composite?
True
Is 1201 composite?
False
Is 4813 composite?
False
Is 47041 a composite number?
False
Is 1897627 a prime number?
True
Is 6007 composite?
False
Is 10483 a composite number?
True
Is 53659 a composite number?
True
Is 2179 prime?
True
Is 69349 a composite number?
True
Is 7753 prime?
True
Is 97663 a composite number?
True
Is 207401 a composite number?
False
Is 1033891 a composite number?
True
Is 155371 a prime number?
True
Is 803 a prime number?
False
Is 497411 composite?
False
Is 62273 prime?
True
Is 60559 a composite number?
True
Is 24385 composite?
True
Is 307 prime?
True
Is 67843 composite?
False
Is 4645 composite?
True
Is 476533 composite?
True
Is 423971 composite?
True
Is 7799 composite?
True
Is 24286 prime?
False
Is 964253 composite?
False
Is 17021 composite?
False
Is 530501 composite?
False
Is 565249 a composite number?
True
Is 9773 a prime number?
False
Is 974 composite?
True
Is 159013 prime?
True
Is 102587 prime?
True
Is 154559 a composite number?
True
Is 37039 prime?
True
Is 377063 a composite number?
True
Is 521 a composite number?
False
Is 30029 prime?
True
Is 6635 composite?
True
Is 36479 a prime number?
True
Is 38119 prime?
True
Is 99373 a composite number?
True
Is 77951 a prime number?
True
Is 15817 composite?
False
Is 65353 a composite number?
False
Is 746709 a prime number?
False
Is 292517 composite?
False
Is 175039 a composite number?
False
Is 7253 a prime number?
True
Is 44683 a prime number?
True
Is 273289 a prime number?
True
Is 4373 a prime number?
True
Is 301643 composite?
False
Is 383511 a prime number?
False
Is 5297 prime?
True
Is 26903 a prime number?
True
Is 8279 prime?
False
Is 140801 composite?
True
Is 420083 a composite number?
True
Is 826873 a composite number?
True
Is 47789 a prime number?
False
Is 8947 a prime number?
False
Is 217157 a prime number?
True
Is 131321 composite?
False
Is 14759 prime?
True
Is 31907 a prime number?
True
Is 5981 a composite number?
False
Is 163753 composite?
False
Is 658391 a composite number?
False
Is 905077 a composite number?
True
Is 10799 a prime number?
True
Is 9023 a prime number?
False
Is 16823 prime?
True
Is 122641 a composite number?
True
Is 22357 a prime number?
False
Is 666637 composite?
False
Is 305341 prime?
False
Is 26833 composite?
False
Is 29423 composite?
False
Is 1901 a prime number?
True
Is 42101 composite?
False
Is 3118 composite?
True
Is 15787 a composite number?
False
Is 142097 prime?
True
Is 646735 a prime number?
False
Is 26357 a prime number?
True
Is 375073 a composite number?
True
Is 34199 a composite number?
True
Is 335807 a composite number?
False
Is 17071 a composite number?
True
Is 64811 a composite number?
False
Is 1123 prime?
True
Is 6467 prime?
False
Is 80309 a composite number?
False
Is 2251 composite?
False
Is 20311 prime?
False
Is 39931 a prime number?
False
Is 52285 prime?
False
Is 11027 a composite number?
False
Is 36649 composite?
True
Is 13714 a prime number?
False
Is 27659 a composite number?
True
Is 58477 prime?
True
Is 10099 composite?
False
Is 437741 prime?
False
Is 109789 composite?
False
Is 113453 composite?
False
Is 501747 composite?
True
Is 967 a composite number?
False
Is 223 composite?
False
Is 30367 prime?
True
Is 175811 a composite number?
False
Is 4431001 a prime number?
True
Is 14503 composite?
False
Is 24577 prime?
False
Is 243623 composite?
False
Is 1435301 a composite number?
True
Is 74353 a composite number?
False
Is 647417 a composite number?
False
Is 25567 composite?
True
Is 138349 a composite number?
False
Is 133557 a prime number?
False
Is 21859 composite?
False
Is 36433 prime?
True
Is 3974 composite?
True
Is 46327 prime?
True
Is 119387 a composite number?
True
Is 14479 a composite number?
False
Is 148477 composite?
True
Is 1636909 prime?
True
Is 28837 composite?
False
Is 316273 a composite number?
True
Is 10589 prime?
True
Is 298147 prime?
False
Is 7559 prime?
True
Is 38413 a prime number?
False
Is 5759 composite?
True
Is 558737 a prime number?
False
Is 751567 a prime number?
True
Is 51929 composite?
False
Is 1277 prime?
True
Is 2333 a composite number?
False
Is 11246 a prime number?
False
Is 718777 a prime number?
False
Is 146719 a prime number?
True
Is 1570649 prime?
True
Is 191779 a composite number?
True
Is 43437 prime?
False
Is 31303 a composite number?
True
Is 34183 composite?
False
Is 11789 a composite number?
False
Is 913259 a composite number?
False
Is 58507 a prime number?
False
Is 14731 prime?
True
Is 12689 a prime number?
True
Is 169057 prime?
False
Is 1187 a composite number?
False
Is 3899 a prime number?
False
Is 9371 prime?
True
Is 1249 a composite number?
False
Is 58759 composite?
True
Is 332921 prime?
True
Is 286489 a prime number?
False
Is 40727 a prime number?
False
Is 27611 a composite number?
False
Is 7039 prime?
True
Is 1467299 a prime number?
True
Is 314729 prime?
False
Is 7934 prime?
False
Is 427781 a prime number?
True
Is 7488939 composite?
True
Is 90163 composite?
False
Is 16207 a composite number?
True
Is 26759 a prime number?
True
Is 495211 a prime number?
True
Is 14519 a composite number?
False
Is 37117 prime?
True
Is 747587 composite?
False
Is 34861 a prime number?
False
Is 85489 prime?
False
Is 49703 prime?
False
Is 291073 composite?
True
Is 1637 composite?
False
Is 85879 composite?
True
Is 24643 a composite number?
True
Is 22603 composite?
True
Is 87411 a composite number?
True
Is 437 a composite number?
True
Is 29239 a prime number?
False
Is 16279 prime?
False
Is 170473 prime?
True
Is 2119 a prime number?
False
Is 144899 composite?
False
Is 1044971 a composite number?
False
Is 6119 a prime number?
False
Is 11201 prime?
False
Is 12007 prime?
True
Is 20681 a comp